ndreds digit of 3213?
2
What is the units digit of 128?
8
What is the units digit of 1254?
4
What is the thousands digit of 50896?
0
What is the ten thousands digit of 16817?
1
What is the units digit of 8965?
5
What is the thousands digit of 9010?
9
What is the hundreds digit of 2921?
9
What is the units digit of 675?
5
What is the tens digit of 836?
3
What is the tens digit of 72989?
8
What is the thousands digit of 2606?
2
What is the hundreds digit of 100?
1
What is the hundreds digit of 14655?
6
What is the hundreds digit of 883?
8
What is the tens digit of 1261?
6
What is the thousands digit of 1072?
1
What is the hundreds digit of 2608?
6
What is the hundreds digit of 40340?
3
What is the hundreds digit of 4084?
0
What is the units digit of 24623?
3
What is the thousands digit of 1494?
1
What is the hundreds digit of 50907?
9
What is the ten thousands digit of 10636?
1
What is the hundreds digit of 2750?
7
What is the tens digit of 2691?
9
What is the ten thousands digit of 38543?
3
What is the tens digit of 30185?
8
What is the thousands digit of 17463?
7
What is the hundreds digit of 18292?
2
What is the hundreds digit of 9841?
8
What is the thousands digit of 3739?
3
What is the hundreds digit of 21835?
8
What is the thousands digit of 8268?
8
What is the tens digit of 18818?
1
What is the hundreds digit of 15583?
5
What is the ten thousands digit of 10973?
1
What is the thousands digit of 7358?
7
What is the tens digit of 2114?
1
What is the units digit of 10461?
1
What is the units digit of 9563?
3
What is the tens digit of 584?
8
What is the ten thousands digit of 115249?
1
What is the units digit of 1107?
7
What is the tens digit of 15281?
8
What is the hundreds digit of 546?
5
What is the ten thousands digit of 88990?
8
What is the ten thousands digit of 11765?
1
What is the hundreds digit of 6706?
7
What is the tens digit of 56500?
0
What is the ten thousands digit of 20548?
2
What is the tens digit of 3865?
6
What is the ten thousands digit of 26844?
2
What is the hundreds digit of 42854?
8
What is the units digit of 906?
6
What is the units digit of 139713?
3
What is the hundreds digit of 1786?
7
What is the units digit of 1966?
6
What is the tens digit of 750?
5
What is the hundreds digit of 22079?
0
What is the ten thousands digit of 30808?
3
What is the ten thousands digit of 13302?
1
What is the hundreds digit of 2233?
2
What is the hundreds digit of 2183?
1
What is the ten thousands digit of 75929?
7
What is the tens digit of 8382?
8
What is the hundreds digit of 5179?
1
What is the hundreds digit of 590?
5
What is the thousands digit of 37290?
7
What is the thousands digit of 1587?
1
What is the hundreds digit of 9930?
9
What is the hundreds digit of 75116?
1
What is the tens digit of 939?
3
What is the units digit of 117357?
7
What is the tens digit of 5056?
5
What is the hundreds digit of 329?
3
What is the tens digit of 611?
1
What is the thousands digit of 35709?
5
What is the tens digit of 7489?
8
What is the tens digit of 576?
7
What is the thousands digit of 3091?
3
What is the units digit of 2144?
4
What is the thousands digit of 193659?
3
What is the hundreds digit of 49829?
8
What is the units digit of 14798?
8
What is the tens digit of 27942?
4
What is the hundreds digit of 512?
5
What is the tens digit of 1552?
5
What is the thousands digit of 31798?
1
What is the hundreds digit of 64074?
0
What is the tens digit of 590?
9
What is the tens digit of 17640?
4
What is the units digit of 45?
5
What is the ten thousands digit of 15095?
1
What is the thousands digit of 5785?
5
What is the tens digit of 1177?
7
What is the thousands digit of 66699?
6
What is the hundreds digit of 1990?
9
What is the units digit of 812?
2
What is the tens digit of 8107?
0
What is the hundreds digit of 2422?
4
What is the units digit of 1672?
2
What is the thousands digit of 2490?
2
What is the thousands digit of 24255?
4
What is the ten thousands digit of 30130?
3
What is the hundreds digit of 1531?
5
What is the tens digit of 13148?
4
What is the units digit of 1717?
7
What is the hundreds digit of 184744?
7
What is the tens digit of 2935?
3
What is the ten thousands digit of 13261?
1
What is the tens digit of 7270?
7
What is the units digit of 13878?
8
What is the hundreds digit of 49698?
6
What is the thousands digit of 32372?
2
What is the hundreds digit of 46136?
1
What is the units digit of 5208?
8
What is the tens digit of 2027?
2
What is the hundreds digit of 42450?
4
What is the units digit of 530?
0
What is the tens digit of 10471?
7
What is the tens digit of 1911?
1
What is the units digit of 13793?
3
What is the tens digit of 2747?
4
What is the tens digit of 170439?
3
What is the tens digit of 242?
4
What is the units digit of 158?
8
What is the tens digit of 714?
1
What is the hundreds digit of 2605?
6
What is the hundreds digit of 3879?
8
What is the thousands digit of 16466?
6
What is the tens digit of 749?
4
What is the tens digit of 8176?
7
What is the hundreds digit of 1343?
3
What is the thousands digit of 1037?
1
What is the hundreds digit of 1601?
6
What is the hundreds digit of 82437?
4
What is the tens digit of 1854?
5
What is the ten thousands digit of 34525?
3
What is the hundreds digit of 2342?
3
What is the hundreds digit of 9025?
0
What is the thousands digit of 2681?
2
What is the units digit of 2457?
7
What is the tens digit of 9135?
3
What is the tens digit of 7279?
7
What is the tens digit of 851?
5
What is the units digit of 36?
6
What is the tens digit of 1464?
6
What is the hundreds digit of 1932?
9
What is the units digit of 43055?
5
What is the thousands digit of 4258?
4
What is the hundreds digit of 141869?
8
What is the thousands digit of 7052?
7
What is the thousands digit of 1228?
1
What is the hundreds digit of 4604?
6
What is the units digit of 20131?
1
What is the ten thousands digit of 41670?
4
What is the hundreds digit of 821?
8
What is the tens digit of 5549?
4
What is the tens digit of 259?
5
What is the tens digit of 9276?
7
What is the hundreds digit of 2716?
7
What is the tens digit of 64050?
5
What is the tens digit of 1358?
5
What is the tens digit of 4117?
1
What is the units digit of 639?
9
What is the hundreds digit of 28229?
2
What is the units digit of 3216?
6
What is the units digit of 31?
1
What is the hundreds digit of 64980?
9
What is the hundreds digit of 110883?
8
What is the units digit of 49?
9
What is the tens digit of 1694?
9
What is the tens digit of 2401?
0
What is the thousands digit of 25367?
5
What is the tens digit of 16976?
7
What is the thousands digit of 35872?
5
What is the tens digit of 3359?
5
What is the tens digit of 3116?
1
What is the thousands digit of 7856?
7
What is the tens digit of 4285?
8
What is the thousands digit of 1357?
1
What is the ten thousands digit of 51193?
5
What is the ten thousands digit of 15431?
1
What is the units digit of 1189?
9
What is the hundreds digit of 3844?
8
What is the units digit of 25694?
4
What is the tens digit of 18618?
1
What is the units digit of 10449?
9
What is the tens digit of 2238?
3
What is the tens digit of 1408?
0
What is the hundreds digit of 32286?
2
What is the units digit of 44925?
5
What is the thousands digit of 121326?
1
What is the tens digit of 10107?
0
What is the hundreds digit of 3504?
5
What is the tens digit of 8399?
9
What is the tens digit of 677?
7
What is the units digit of 5787?
7
What is the tens digit of 484?
8
What is the ten thousands digit of 50660?
5
What is the units digit of 2979?
9
What is the hundreds digit of 968?
9
What is the units digit of 898?
8
What is the hundreds digit of 6794?
7
What is the thousands digit of 8363?
8
What is the units digit of 1927?
7
What is the units digit of 42?
2
What is the ten thousands digit of 10393?
1
What is the hundreds digit of 2566?
5
What is the hundreds digit of 643?
6
What is the tens digit of 5808?
0
What is the ten thousands digit of 32562?
3
What is the thousands digit of 92536?
2
What is the tens digit of 3646?
4
What is the units digit of 347?
7
What is the hundreds digit of 15992?
9
What is the hundreds digit of 13226?
2
What is the units digit of 2217?
7
What is the tens digit of 2596?
9
What is the ten thousands digit